.
0
Let g(k) be the third derivative of 0 - 7*k**2 + 1/6*k**3 + 1/24*k**4 + 0*k. Determine g(0).
1
Let p(o) = -2*o + 15*o**2 - 3*o - 17*o**2 - 7*o - 7. Let u be p(-5). Let i(n) = -3 + 2 - n + 0*n + u. What is i(-5)?
7
Suppose 0 = -m + 5, -3*f + 2*f + 14 = 2*m. Suppose -f = -u - u. Let a be 1 - (-4)/(u/1). Let b(j) = j**2 - 4*j + 3. What is b(a)?
0
Let t = -574 + 576. Let c(w) = -2*w**2 - 3*w + 4. Give c(t).
-10
Let i = -7 + -5. Let v be ((-6)/(-8))/((-3)/i). Let k(c) = v*c**2 - 6*c**2 + 9*c**2 + 9*c - 9 - c**3. Give k(7).
5
Let p(f) = -f**3 - 8*f**2 - 6*f + 2. Suppose 0 = 6*j - 314 - 64. Let b = -70 + j. What is p(b)?
-5
Suppose -117*y = -123*y + 6. Let v(i) = -2*i**3 + i**2. Determine v(y).
-1
Suppose -3*p - 7*p = -10. Suppose -p = -4*g - 5. Let x(w) = 7*w**2 + 2*w + 1. Give x(g).
6
Let s be (-7)/3 - (-69)/18. Let z(h) be the second derivative of s*h**2 + 0 - 9*h - 2/3*h**3 + 1/12*h**4. Give z(2).
-1
Let d(c) = -c**3 + 18*c**2 - 16*c - 22. Let r = -146 - -163. Calculate d(r).
-5
Let q = 5 - -1. Let h(u) = -3*u**2 + 11*u - 11. Let g(k) = k**2 - 4*k + 4. Suppose -1 + 3 = -z. Let b(t) = z*h(t) - 7*g(t). Determine b(q).
-6
Let s(d) be the second derivative of d**3/6 + 5*d**2/2 - 4*d + 5. Give s(-4).
1
Let u(m) = -m**3 - 14*m**2 - m - 13. Let h(t) = -21*t + 91. Let q be h(5). What is u(q)?
1
Let z(o) = -2*o**2 + 149*o**3 + 6 - 295*o**3 + 3*o**2 + 145*o**3 - o. Determine z(0).
6
Suppose 0 = w + 4, 0 = 5*j - 2*w - 88. Let d = j - 14. Let c(b) = -3*b**2 + d*b + 2*b**2 - 3*b + 2*b + 1. Determine c(0).
1
Let a(y) = -y**3 + 9*y**2 + y + 8. Let d be (-57 + 60)*(0 + 2 + 1). What is a(d)?
17
Let q(a) be the first derivative of -a**4/4 + a**3 + 5*a**2/2 - 4*a - 128. Calculate q(4).
0
Suppose -9*h + 5 = -8*h. Let m(p) = p**3 - 4*p**2 - 4*p - 2. Calculate m(h).
3
Let v(s) = -s**3 - 14*s**2 + 13. Let y be (-10)/40 - (-275)/(-20). Calculate v(y).
13
Let x(p) = -7*p**2 - 1. Suppose z - 11 = -2*t - 2, -2*t + 10 = 2*z. Calculate x(z).
-8
Let g(o) be the third derivative of -o**6/120 + o**5/15 - 5*o**4/24 + o**3/2 + 10*o**2. Let f be -4 + 4 + -1 + 4. Determine g(f).
-3
Let y(v) = -2*v + 10. Let x be y(8). Let h(q) = -17*q - 21. Let t(f) = -10*f - 10. Let b(w) = -3*h(w) + 5*t(w). What is b(x)?
7
Let y(o) = -3*o**2 + 7*o + 17. Let x(k) = 2*k**2 + 2*k. Let u(l) = x(l) + y(l). Calculate u(10).
7
Let f(s) = -4*s - 2. Let r(h) be the third derivative of h**4/24 + h**3/6 + 2*h**2. Let c(a) = -f(a) - 3*r(a). Suppose 0 = 21*k + 56 - 14. What is c(k)?
-3
Let k(n) = 8*n - 10 - 42*n**3 + 22*n**3 + 21*n**3 - 5*n**2. Give k(4).
6
Suppose 4*u - 6*u = k - 10, 8 = -2*k + 3*u. Let c(s) = k + s - 6 - 6 + 1. Let w(i) = 1. Let q(m) = c(m) + 5*w(m). Determine q(-4).
-8
Let m(g) = 4 - 1 - 10*g + 11*g. Calculate m(7).
10
Let o(t) = 3*t**2 - 2*t + 1. Let k(n) = 5 + 4 - n + 0. Let m = -596 + 603. Let b be k(m). Give o(b).
9
Let l(u) = 4*u - 8*u - u + 2. Let j(o) = -11*o + 4. Let g(r) = -2*j(r) + 5*l(r). Calculate g(2).
-4
Suppose -5*q = 3*q - 40. Let t(o) = -1. Let r(p) = -p - 9. Let l(z) = q*t(z) - r(z). What is l(-8)?
-4
Let y(t) = -4*t**2 + 127*t**3 + 3*t**2 + t**2 + t - 128*t**3. Let a = -2 - -1. Give y(a).
0
Suppose 3*x - 29 = -2*s, -2*x - x - s + 34 = 0. Let t(i) = i**3 - 12*i**2 - 11*i - 19. Let y be t(x). Let v(k) = k**3 - 8*k**2 + 7*k - 3. Calculate v(y).
-3
Let i(f) be the second derivative of -f**4/12 - 7*f**3/3 - 15*f**2/2 + 3*f. Let u be i(-13). Let y(o) = 2*o**2 - 10*o + 2 + 0 + 14*o. Determine y(u).
2
Let s(g) = 60*g**2 - 61*g**2 - 13*g - 13 - 3. Give s(-11).
6
Let m = -7 + 17. Let j(g) = -2*g + 15. Let t(v) = v - 7. Let d(l) = -3*j(l) - 7*t(l). Let b be d(m). Let u(r) = r**3 + 7*r**2 + 5*r - 4. Calculate u(b).
2
Let h(j) = -2*j**2 + 31*j - 41. Let b(r) = -r**2 + 16*r - 20. Let f(c) = 11*b(c) - 6*h(c). What is f(5)?
1
Suppose h - 3 + 13 = -3*a, -h - 2 = a. Let z(r) be the first derivative of -r**4/4 - 4*r**3/3 + 5*r**2/2 + 3*r + 138. What is z(a)?
-17
Let q be ((-8)/20)/(1/50). Let g be 8/q + 22/5. Suppose 3*p = g*s - 21, -26 - 1 = 4*p - 5*s. Let b(w) = -w**3 - 3*w**2 - w - 3. What is b(p)?
0
Let a(k) be the second derivative of k**5/20 - 2*k**4/3 - k**3/2 - 3*k**2 + 2*k + 7. Give a(9).
48
Suppose -3*q + 13 = -16*q. Let x(b) = -11*b**3 - b**2 - b - 1. What is x(q)?
10
Let n = -41 - -43. Let w(c) = -7*c**3 + 3 - c + 3137*c**2 - 4 - 3137*c**n. Determine w(-1).
7
Let i(v) = -v**3 - 6*v**2 - v + 2. Let t be i(-6). Suppose 7*j = t*j - 20. Let q = j + -25. Let u(m) = -m**3 - 5*m**2 + 1. Determine u(q).
1
Let m(h) = 8*h + 17. Let k be m(-2). Let i(g) = -3*g**2. Calculate i(k).
-3
Let u be 3/2*8/(-12). Let v(a) = -4*a - 8. Let f(h) = -h. Let t(n) = u*v(n) + 3*f(n). Give t(-6).
2
Let a(i) be the second derivative of i**3/6 + 17*i**2/2 + 2*i - 123. Determine a(-11).
6
Let h = -1048 + 1052. Let w(b) = -b**3 + 4*b**2 - 4*b. Give w(h).
-16
Let s(r) = r**3 + 5*r**2 - 3*r + 1. Suppose -25*k = -31*k + 618. Let x = k + -109. What is s(x)?
-17
Let o(w) be the second derivative of w**5/20 + 7*w**4/6 + 13*w**3/6 + 3*w**2 + 3*w. Let g be o(-13). Let f(b) = b - 4*b + 5 + 3. Calculate f(g).
-10
Let l(i) = -i + 2. Let g be l(5). Let j = 56 - 50. Let m(z) = 12*z - 16*z + j*z - 5 + 3 + 2*z**2. Give m(g).
10
Suppose 10*t + 70 = -100. Let m(v) = v + 16. What is m(t)?
-1
Suppose -14*o - 34 = 78. Let b(n) = n**2 + 5*n - 17. Determine b(o).
7
Let p(a) = -5*a + 1. Suppose 0 = -32*r - 19 + 83. Calculate p(r).
-9
Let i(a) = a**3 + 13*a**2 + 12*a. Let x be i(-12). Let g(m) = -m + 1. Give g(x).
1
Let w = 248 + -246. Let z(q) be the second derivative of -5*q - 1/6*q**3 + 0 + 1/2*q**w. What is z(-2)?
3
Let l(o) = 73*o - 93. Let n(m) = -19*m + 24. Let b(r) = -6*l(r) - 23*n(r). Suppose 0 = 3*g - 17 + 2. What is b(g)?
1
Let g(w) = 7*w**2 + 6*w - 5. Let i be g(-1). Let u(b) = 2*b**2 + 3*b - 3. Calculate u(i).
17
Let u(n) = -9*n. Let h(m) = 17*m**2 + 103*m + 4. Let q be h(-6). Give u(q).
18
Let m(f) = 4*f**2 - f - 4. Let g(v) = -6 + 3*v**2 + 3 + 2*v - 3*v - v. Let h(w) = -3*g(w) + 2*m(w). Determine h(6).
-11
Let q(r) be the second derivative of -r**4/12 + 4*r**3/3 - 9*r**2/2 + 163*r + 1. Give q(5).
6
Let g(w) be the second derivative of -w**4/12 - w**3/2 + 5*w**2/2 - 60*w. Let p be (1 + 0)*(-3 - 1). What is g(p)?
1
Let s(l) = -l**3 + 4*l**2 + 3*l + 1. Suppose 2*j + 4*f - 20 = 0, -3 + 9 = 3*j - 2*f. Calculate s(j).
13
Let q be 3 + 4 + -5 - -4. Let f(p) = 7*p + 7. Let h(m) = 20*m + 22. Let k(s) = q*h(s) - 17*f(s). Calculate k(-9).
4
Suppose 4 = -3*g - 5*y, 2*g = 2*y + 1 + 7. Suppose 4*b - 159 = -47. Suppose z + 10 = -4*d + b, -z = -g. Let w(u) = -u**3 + 4*u**2 - 2*u - 3. Calculate w(d).
-11
Let s be 6 - 0*(-1)/4. Let v(h) be the second derivative of 0 - 1/6*h**3 - 10*h + h**2. Calculate v(s).
-4
Let m(u) = u**3 - 5*u**2. Let v = 445 - 440. Give m(v).
0
Let g(t) = -t**3 + 3*t**2 + t. Let v(b) = b + 11. Let f be v(-9). Let n(i) = -2*i - 30*i**2 + 3 + 2*i - i**3 + 29*i**f. Let l be n(0). Give g(l).
3
Let a(n) be the second derivative of -1/24*n**4 + 0 + 1/3*n**3 + 9/2*n**2 + 6*n. Let k(v) be the first derivative of a(v). What is k(2)?
0
Let c(h) = -5*h - 17 - 11*h + 17*h + 6. Determine c(6).
-5
Suppose 47 + 25 = -6*b. Let i = b - -14. Let m(w) = -2*w**2 + 3 - 4*w + 2 + w**3 - i. Give m(3).
0
Let t be (-12)/10 + 3/15. Let c(x) = 45*x - 2. Let h(s) = -67*s + 3. Let k(m) = 7*c(m) + 5*h(m). Give k(t).
21
Let r(l) = -l**2 + l + 4. Let q(a) = -3*a**2 + 25. Let h(m) = q(m) - 5*r(m). Give h(2).
3
Suppose -116 = -3*x + t, -4*x = -0*x - t - 154. Let q(h) = -21*h + x*h - 7 - 14*h + h**2. Let r be 2*(18/(-4) + 2). What is q(r)?
3
Let n(i) = i + 6. Let a(l) = -l - 5. Let h(r) = -3*a(r) - 2*n(r). Let s be h(0). Let z be (3/9)/(s/27). Let d(x) = 5*x. What is d(z)?
15
Let o = 28 + -25. Let b(l) = -l**3 + 2*l**2 + 2*l + 7. Let s be b(o). Let k(j) = -2*j + 11 - s*j - 12. Determine k(-1).
5
Let o(c) = 3*c**2 + 2*c + 2. Suppose -19*r - 5*d = -18*r + 11, 2*r + 5*d = -12. Give o(r).
3
Suppose -4*f + v = -23, 4*f - 4*v = 27 + 5. Let s(t) = t**2 - 4*t - 11. Calculate s(f).
-6
Let f(j) be the first derivative of -j**4/4 - 2*j**3/3 - 3*j + 215. Calculate f(0).
-3
Let w be -1 - (4 - (-12)/(-4) - 3). Let x(a) be the second derivative of 11*a**5/20 - a**3/6 - 2*a. What is x(w)?
10
Let c = -61 - -63. Let i(a) = c - a + a**3 + 94*a**2 - 6 - 88*a**2